 -1058*l + 45. Let x be g(-4). Let z = x - -380. Is z composite?
False
Let m(z) = 993*z + 48. Suppose 4*t = l + 56, -4*l + 61 = 5*t - 30. Let j be m(t). Suppose 55*n - 52*n = j. Is n prime?
False
Suppose 5*m - 400156 = -2*v, 4*v - 2*m - 1088620 + 288380 = 0. Is v composite?
False
Suppose 16*b - 428826 = 13*b + 3*s, 0 = 3*b - 5*s - 428812. Is b a composite number?
False
Let u = 1164855 - 670664. Is u composite?
False
Let r be (-2)/6*(-2 - (-3 - -598)). Suppose -r*c + 370 = -204*c. Let g = -59 - c. Is g a composite number?
True
Let q = 78 - 12. Let b = q - -11447. Is b a prime number?
False
Let j(r) = -2*r - 8. Let k be j(-4). Suppose k = 12*z + 4*z - 4672. Suppose 3*v + p = 1893, -4*v - 4*p + 2232 + z = 0. Is v prime?
True
Let p(c) be the third derivative of -193*c**4/24 - 13*c**3/2 - 59*c**2. Is p(-4) composite?
False
Let t(g) = 47406*g + 259. Is t(5) composite?
True
Let j(m) be the first derivative of -241*m**4/24 - 23*m**3/3 + 37*m**2/2 + 46. Let u(f) be the second derivative of j(f). Is u(-9) a prime number?
False
Suppose -y + 591417 = 4*i, -3*i = -0*i - 3*y - 443544. Is i a composite number?
False
Suppose 8*u = 5*u + l + 65779, 2*u - 43861 = -l. Suppose -3*c = 5*c - u. Is c composite?
False
Let o(b) = 1092*b - 537 + 258 + 242. Is o(7) composite?
False
Let m = -87 + 97. Let b be ((-3)/(-21) + m/28)*0. Suppose 0 = u - b + 1, 5*u - 2 = -r. Is r composite?
False
Let n(l) = 87*l + 19022. Is n(0) composite?
True
Let d(r) = 2*r**2 - 21*r + 42. Let p be d(8). Suppose 0 = p*u + 2*y + 3*y - 3302, 3*y - 6604 = -4*u. Is u a prime number?
False
Let d be (-7)/(-6) + -1 + (-9)/54. Suppose d = 5*b - 2*c - 1918, c = 4*c + 12. Is b a prime number?
False
Suppose v - 65 = -4*m - 52, 3*v = 3*m - 21. Suppose -m*i + 32206 = 5*s, 8047 = 5*i - 4*i - s. Is i composite?
True
Let q be 2747/(-3) + 5/30*4. Let i = q + 1917. Suppose 2*y = 5*y - i. Is y composite?
True
Suppose 2*d = -8, -4*d - 6344 = -8*s + 4*s. Let f = -948 + s. Suppose 2*p - 3*p - f = -3*j, 2*p + 1057 = 5*j. Is j prime?
True
Is (-6613866)/(-28) + (-5)/2 a prime number?
True
Suppose 3*n - 4*t - 1393 = 0, t - 764 - 1068 = -4*n. Let v = 2948 + n. Is v a composite number?
False
Let l = -308022 + 478999. Is l prime?
False
Let x = 460 - -9970. Suppose -10*m + 6500 = -x. Is m a prime number?
True
Suppose 3*k = -183*v + 178*v + 1487592, -4*v - k = -1190075. Is v a composite number?
True
Let w be (-7)/21 + (-87)/9 + 6. Let n be -1 - 11/((-1)/(-1)). Is w/n*-1 - (-922)/3 a composite number?
False
Let n = -2778 - -8468. Let f(a) = a**3 + 2*a**2 - 2*a + 7. Let j be f(-3). Suppose 31102 - n = j*d. Is d composite?
False
Let l(r) = r**3 - r. Let i(a) be the third derivative of 2*a**6/15 + a**5/30 - a**4/12 - 3*a**3/2 - 10*a**2. Let o(b) = i(b) + l(b). Is o(4) a composite number?
True
Suppose -10*o = 19230 + 56160. Let c = -4378 - o. Is c a composite number?
True
Is (44/(-33) + 2)/(((-16)/(-2390082))/4) a composite number?
False
Let g = 288 + -9866. Let b = -4743 - g. Is b a composite number?
True
Suppose 9*q - 20 = -q. Suppose 0 = 4*d - 5*v - 34954, 5*d - 40358 = -q*v + 3351. Is d prime?
True
Suppose -2*v + 5*j = -205702, 4*v - 246389 = -5*j + 165015. Suppose -7*l = -4592 - v. Is l composite?
False
Let y = -33 + 35. Suppose -21 = -3*c - 2*t, 0 = -c - 0*t - 4*t + 17. Suppose -3*d + 2*m + 283 = 0, m + y*m = c*d - 470. Is d a composite number?
True
Let v = 72 + -60. Let l(a) = 3*a - 33. Let t be l(v). Let g(u) = 247*u + 10. Is g(t) a composite number?
False
Let v be ((-25)/(-15))/((-10)/(-36)). Suppose -3*m = 5*q - 2819, 2816 = 5*q - v*m + 8*m. Is q prime?
False
Let j = 525207 + -315520. Is j a composite number?
False
Let t(y) = 30*y**2 + 6*y + 13. Let l be t(16). Suppose 117559 = 6*p + l. Is p a composite number?
True
Let s(m) = 352*m - 58. Let u be s(15). Let r = -2799 + u. Is r composite?
False
Let o be -3 + (6 - 0) + -2. Is o + -5 + (-318)/(-2) + -6 composite?
False
Suppose -4*x + 15 = 3*f - 46, -4*x + 2*f = -86. Let z(a) = -x + 43*a + 34*a + 4*a. Is z(16) composite?
False
Suppose 5*i - 4093 - 11122 = 5*a, 4*a = -3*i + 9129. Suppose -5*s = -5*p - 15215, -3*p - i = -s - p. Is s a prime number?
False
Let y(m) = m**3 + 12*m**2 + 10*m - 6. Suppose -j - 11 = -0*j. Let b be y(j). Suppose 166 = -2*h + 3*h - b*g, g = -5. Is h composite?
True
Let r(y) = y**3 - 17*y**2 + 42*y - 65. Let a be r(27). Suppose 2*l + 773 = a. Is l composite?
False
Is ((-23984298)/52)/((-54)/12) a composite number?
False
Let l = 23500 - -3703. Is l a prime number?
False
Suppose 0 = 4*s - 5*i - 79380, 5*i = -s + 6*s - 99225. Let o = -13006 + s. Is o a prime number?
False
Let a(h) = -119 + 149*h**2 + 60 + 67 - 2*h. Let w be a(-4). Suppose 0 = -5*r + w - 355. Is r a prime number?
True
Let d(t) be the first derivative of 8*t**3 + 11*t**2/2 - 5*t + 10. Let i be d(-8). Suppose -3*y + 6*y - i = 0. Is y composite?
True
Let o be 18 + 0 - (0 - 0). Let g(l) be the third derivative of l**4/2 + 37*l**3/6 - 3582*l**2. Is g(o) a prime number?
False
Let p = 234 + -228. Suppose -134127 + 9969 = -p*m. Is m a prime number?
True
Let g(n) = -n**3 + 2*n**2 + n + 7. Let s be g(-6). Suppose 0 = -13*b + 26389 + 15354. Suppose 2*k - b = -s. Is k prime?
False
Suppose 135 - 30 = -3*f. Let c = f + 37. Suppose c*x + 244 = 2*i - 6, 379 = 3*i - x. Is i composite?
False
Is 85/(-30)*(-797537 - 37) prime?
False
Suppose 196995 + 377908 = 7*t. Is t a prime number?
True
Let j = -37076 + 126327. Is j a composite number?
True
Let h be 5/(-5)*(2 + 7*-1). Suppose -h*c - 4610 = -5*s, 0 = s + 6*c - c - 922. Suppose -f = -s - 1177. Is f prime?
True
Let z(o) be the third derivative of 5*o**4/24 - 25*o**3/6 - 10*o**2. Let i be z(6). Suppose -5*b - i = 0, -2*b = k - b - 2896. Is k prime?
True
Let u = -500 + -482. Let h(v) = -4*v**2 + 17*v + 52. Let s be h(15). Let x = s - u. Is x composite?
False
Let o(x) = x + 2. Suppose 3*v - 68 = -4*u, 8 = -4*u + 6*u - 5*v. Let g be o(u). Suppose -g*r + 9468 = -4*r. Is r composite?
True
Let q(j) = 10*j**2 + 10*j - 377. Is q(30) composite?
False
Let y = -34 + 38. Suppose -5*v - 52 = y*f, 4*f + 3*v + 62 = 18. Let s(u) = -u**3 + 12*u**2 + 10*u - 7. Is s(f) a composite number?
False
Suppose -5*r - 2800698 = -4*a, a + r - 55506 = 644673. Is a composite?
True
Let y(f) = -f**3 - 12*f**2 + 10*f - 24. Let k be y(-13). Suppose -145*l = -148*l - k. Is -3 + 635 + l/5 a prime number?
True
Suppose -7*i = -12*i + 20. Suppose i*r - 9 = l + 5*r, -36 = 4*l - 5*r. Is 3*6/l*(-211)/2 composite?
False
Let w(v) = -v**3 - 4*v**2 - 9*v - 20. Let s be w(-20). Suppose -s = 17*j - 69783. Is j a composite number?
False
Suppose 6*i - 26 + 14 = 0. Is -2 + 5475 + i - 4 prime?
True
Is 227883*109/21 + (-11)/((-231)/(-6)) composite?
True
Suppose 4*v = 8 + 24. Suppose 0 = -v*q + 6*q - 1730. Let l = -510 - q. Is l a prime number?
False
Let w be 2/(-3) + (-5)/(15/109). Let c(g) = -451*g + 190. Is c(w) a prime number?
False
Suppose 31*n = 44*n - 465101. Let w = -18784 + n. Is w prime?
True
Suppose 0 = -p - 0*p - 3*d - 8, 0 = p + 5*d + 16. Suppose -f + 3 = 0, 14*c - 15*c + 3725 = p*f. Is c a prime number?
False
Let g(q) = q**3 - 5*q**2 + 2*q - 2. Let j be g(4). Let v(i) = i**2 + 25*i + 28. Let b be v(j). Let x = -3 - b. Is x composite?
True
Suppose 3*t - 5*s - 25 = 13, 4*t - s = 62. Suppose 9*v - 5*v - t = 0. Suppose 0 = -v*r + 1536 + 1004. Is r a composite number?
True
Let p(o) be the third derivative of -5*o**4/24 - 8*o**3/3 + 30*o**2. Let m be ((-8)/(-5))/(4/(-10)). Is p(m) a composite number?
True
Is (50782/(-8))/(-4 - 17/(816/(-180))) composite?
False
Is (59 - 1537)/((-386)/382 - -1) prime?
False
Suppose -4*r + 40 = 6*r. Let h(d) = -10*d**3 + 5*d**2 - 13*d + 11. Let x(n) = -31*n**3 + 15*n**2 - 38*n + 32. Let v(k) = 17*h(k) - 6*x(k). Is v(r) composite?
False
Suppose 3*m + 2034 = -0*m + r, 0 = m - 5*r + 664. Let w = m + 1105. Suppose 8*u - w = 6*u. Is u a prime number?
False
Suppose -12*z - 4*x = -14*z + 22, z = -4*x + 17. Is (z - 16) + 1/((-1)/(-1952)) prime?
True
Let m be ((-75)/50)/((-2)/4). Suppose 0 = -5*r + m*y - 222, 224 = -2*r - 3*r + y. Let d = r - -112. Is d a prime number?
True
Let b be 16530/12 + (-3)/(-2). Let k = 2782 - b. Suppose k = u + 2*c, 2*u - 2*c - 3143 = -319. Is u composite?
False
Suppose 5*q + 20 = 0, -4*u - 459*q + 633580 = -461*q. Is u a composite number?
False
Suppo